240 (base 5) in base 10?
537070
Convert -1022022021112 (base 3) to base 12.
-2961b8
What is -349062 (base 12) in base 6?
-30040202
-244256a (base 11) to base 5
-2041433413
Convert -99a80 (base 15) to base 14.
-c9d98
What is -36102104 (base 7) in base 9?
-6007385
Convert -21330133 (base 4) to base 15.
-c10a
17486f (base 16) to base 13
4156a9
What is -218654 (base 14) in base 3?
-2010210000222
-8793030 (base 11) to base 4
-322320131320
-101111011001111000 (base 2) to base 15
-3c7e8
What is 23353100 (base 7) in base 9?
3784568
Convert 674e4 (base 16) to base 15.
85595
What is -63cca1 (base 16) in base 15?
-892d9e
112110123 (base 4) to base 5
10411134
Convert -3132535 (base 7) to base 5.
-44043124
-44657254 (base 8) to base 9
-20150282
What is -10000111111000010010 (base 2) in base 13?
-166436
Convert 1121011 (base 6) to base 8.
157637
-1158813 (base 11) to base 2
-111101100100010100111
What is 368753 (base 9) in base 11?
142571
What is -7624605 (base 8) in base 16?
-1f2985
What is -30244142 (base 5) in base 9?
-411226
What is -102110122221 (base 3) in base 10?
-225745
Convert 263026 (base 9) to base 3.
22010000220
-1130401442 (base 5) to base 13
-6c937b
-1013301213 (base 4) to base 2
-1000111110001100111
Convert 37bda (base 14) to base 3.
20221122211
Convert -1022210022110 (base 3) to base 11.
-441292
-767635 (base 8) to base 16
-3ef9d
Convert 31030450 (base 7) to base 10.
2595712
Convert 110441012 (base 5) to base 4.
1312020222
What is 20031210 (base 4) in base 5?
2034021
-34309 (base 15) to base 5
-20303214
What is 133613635 (base 7) in base 16?
84a4e9
80630 (base 11) to base 13
41873
Convert 3b700 (base 12) to base 6.
1432400
What is -4c946b (base 16) in base 9?
-10388357
What is 3ad53e (base 15) in base 2?
1010110010110001111010
Convert -a026a7 (base 11) to base 5.
-403122030
-542428 (base 10) to base 3
-1000120001221
Convert -4200023 (base 6) to base 13.
-71052
Convert d2c90 (base 15) to base 13.
1a4bc4
Convert 259ee (base 15) to base 16.
1d636
Convert 1170d25 (base 14) to base 7.
130610345
Convert -10011211021020 (base 3) to base 16.
-19c6c8
-10401522 (base 6) to base 4
-1030002122
Convert 4453201 (base 6) to base 3.
102102112201
Convert -311302342 (base 6) to base 5.
-2334424314
Convert -6b0da (base 14) to base 4.
-333230020
541262 (base 10) to base 2
10000100001001001110
What is 1207874 (base 9) in base 13?
19c3b1
What is -3602421 (base 13) in base 8?
-77603102
What is 422162 (base 7) in base 13?
271a9
Convert 440075 (base 9) to base 8.
1000554
What is -1102131321 (base 4) in base 2?
-1010010011101111001
-100311203322 (base 4) to base 16
-4358fa
Convert -2a0e (base 16) to base 10.
-10766
What is 27fa (base 16) in base 4?
2133322
What is 1167532 (base 9) in base 12?
267855
1414325 (base 6) to base 14
21257
Convert -97daa0 (base 14) to base 10.
-5147100
What is -36126330 (base 8) in base 6?
-441301424
What is -be52 (base 16) in base 12?
-24242
What is -12222010000 (base 3) in base 4?
-130223022
What is -11a931 (base 12) in base 2?
-1000110010110110101
-6487487 (base 10) to base 7
-106066646
Convert -88021 (base 12) to base 14.
-49705
-1230322 (base 8) to base 15
-6abd8
What is 957b2 (base 14) in base 2?
1011000001000100000
What is 324246 (base 8) in base 13?
3a634
Convert -2223a (base 15) to base 14.
-2b785
What is 20014354 (base 6) in base 2?
10001001001111111110
Convert 86135 (base 12) to base 10.
176441
What is -112202123113 (base 4) in base 7?
-101135011
10120200120121 (base 3) to base 15
278d41
Convert 2070550 (base 10) to base 14.
3bc806
What is 4766462 (base 8) in base 16?
13ed32
What is 13540354 (base 6) in base 5?
104322420
What is 240e65 (base 16) in base 7?
26041105
What is 426315 (base 8) in base 12?
6a5a5
Convert 53ec3 (base 16) to base 3.
122110112101
Convert 192953 (base 14) to base 3.
1200021002001
2544511 (base 8) to base 7
6002621
258042 (base 16) to base 11
1429532
Convert -2021233312 (base 4) to base 10.
-564214
Convert -130153 (base 8) to base 7.
-245446
-30111323 (base 5) to base 9
-402840
-11101100001101100111000 (base 2) to base 11
-4407380
Convert 145443 (base 7) to base 9.
42803
What is 785755 (base 13) in base 9?
5307387
What is 122bb8 (base 12) in base 6?
10155552
What is -d07dd1 (base 14) in base 3?
-111012022220212
Convert -68e05 (base 16) to base 10.
-429573
4234137 (base 9) to base 5
1040012301
What is 14c3d (base 16) in base 15?
1a303
What is 44503200 (base 6) in base 7?
14304051
What is 12202100000120 (base 3) in base 8?
13523441
Convert 20415322 (base 6) to base 15.
bac9e
What is 7aa11 (base 14) in base 13?
a5a33
What is -4b41a (base 12) in base 13?
-378a6
What is 452a7 (base 14) in base 13?
5b582
What is -4aa5b (base 14) in base 2?
-101100101101101001
76590 (base 10) to base 11
525a8
Convert -8c836 (base 16) to base 9.
-1066441
-105362 (base 7) to base 13
-8696
What is -100010101010000101 (base 2) in base 4?
-202222011
Convert 1b1a9c (base 15) to base 11.
823289
5225101 (base 8) to base 2
101010010101001000001
Convert 132032201020 (base 4) to base 13.
184583b
What is -110101110000110100 (base 2) in base 6?
-4415300
What is 153746a (base 12) in base 11?
2480543
Convert 651255 (base 10) to base 4.
2132333313
Convert 56e4d (base 15) to base 2.
1000011100001110110
What is -7bf0e (base 16) in base 3?
-221210101022
-62430517 (base 8) to base 7
-220426230
Convert 2178345 (base 11) to base 14.
715424
-2122111303 (base 4) to base 9
-1163161
What is -19dd60 (base 16) in base 2?
-110011101110101100000
-100000001010011 (base 2) to base 6
-204123
-1a0460 (base 12) to base 3
-212012200000
What is 257a4 (base 15) in base 10?
119854
Convert 21232 (base 5) to base 14.
750
Convert -1253155 (base 7) to base 16.
-28222
-13260657 (base 8) to base 12
-bb517b
What is -1033344 (base 6) in base 11?
-35622
What is 1c011 (base 15) in base 13?
3263b
Convert -10100001001100101 (base 2) to base 5.
-10120113
100222220 (base 3) to base 14
2927
What is 111220123011 (base 4) in base 9?
11602533
Convert -34004201 (base 5) to base 16.
-489d2
What is -2455256 (base 7) in base 10?
-316385
-10011100000010010 (base 2) to base 8
-234022
What is -1816878 (base 10) in base 12?
-737526
Convert -e0cfb (base 16) to base 5.
-213431302
What is 3442533 (base 6) in base 15?
37629
What is 22113121132 (base 4) in base 9?
5101357
3243321 (base 5) to base 3
2211221021
What is -11442331 (base 5) in base 11?
-74a64
Convert -14342443 (base 6) to base 15.
-9bd00
-6b4350 (base 15) to base 16
-4e3ccf
What is 2024203233 (base 5) in base 9?
7686550
What is 2100a (base 14) in base 13?
2a2c0
1011010010111010101001 (base 2) to base 11
1742768
-54212332 (base 6) to base 15
-21a292
What is -2111301203 (base 4) in base 9?
-1134468
-1415413 (base 6) to base 15
-18bc9
What is -26401420 (base 7) in base 16?
-24f019
305240 (base 6) to base 9
36546
1031560 (base 7) to base 8
365052
Convert -111222210221 (base 3) to base 7.
-2224663
1054630 (base 8) to base 12
118b88
Convert 602652 (base 8) to base 3.
101001200111
Convert 1102012111120 (base 3) to base 16.
b795d
Convert 14 (base 16) to base 10.
20
What is 347612 (base 13) in base 15?
198b3b
-1110111111001000010110 (base 2) to base 3
-21101121000122
Convert 7c6694 (base 13) to base 8.
13215504
What is 2032100 (base 5) in base 6?
414344
-9a60d0 (base 15) to base 13
-16a9682
101308 (base 11) to base 4
213233001
Convert 406826 (base 11) to base 13.
19b401
Convert -7746650 (base 9) to base 10.
-4164579
Convert -1103001224 (base 5) to base 6.
-123124330
What is 23332022 (base 4) in base 9?
74232
27503d (base 14) to base 13
387364
Convert 2258300 (base 11) to base 15.
530310
Convert 24431112 (base 6) to base 13.
214a96
-421012 (base 7) to base 12
-35a7a
What is -2c14 (base 13) in base 12?
-3887
What is 70999c (base 13) in base 4?
21333300322
What is e8eb (base 15) in base 3?
2111120212
22520676 (base 8) to base 13
1023332
What is 14281387 (base 9) in base 10?
7080370
-1110010001001011100001 (base 2) to base 15
-4dd3e0
What is 2264864 (base 13) in base 7?
155624021
What is 50289 (base 11) in base 13?
27623
221a0 (base 12) to base 10
45192
What is 1515054 (base 9) in base 14?
17b017
178379 (base 15) to base 3
2010222220020
What is -22511523 (base 7) in base 4?
-13200310101
Convert -2246027 (base 11) to base 13.
-a78815
Convert 4314